{"id":12,"date":"2016-06-10T14:54:36","date_gmt":"2016-06-10T14:54:36","guid":{"rendered":"http:\/\/localhost:8080\/multiart\/?page_id=2"},"modified":"2021-01-13T12:15:29","modified_gmt":"2021-01-13T12:15:29","slug":"sample-page-2","status":"publish","type":"page","link":"https:\/\/multiartvrbas.in.rs\/","title":{"rendered":"DOBRO DO\u0160LI"},"content":{"rendered":"<blockquote>\n<audio class=\"wp-audio-shortcode\" id=\"audio-12-1\" loop autoplay preload=\"none\" style=\"width: 100%;\" controls=\"controls\"><source type=\"audio\/mpeg\" src=\"https:\/\/multiartvrbas.in.rs\/wp-content\/uploads\/2020\/11\/Inkluzija-nije-iluzija-Branimir-Rosic.mp3?_=1\" \/><a href=\"https:\/\/multiartvrbas.in.rs\/wp-content\/uploads\/2020\/11\/Inkluzija-nije-iluzija-Branimir-Rosic.mp3\">https:\/\/multiartvrbas.in.rs\/wp-content\/uploads\/2020\/11\/Inkluzija-nije-iluzija-Branimir-Rosic.mp3<\/a><\/audio>\n<\/blockquote>\n<h2 style=\"text-align: center;\">\u00a0<\/h2>\n<p style=\"text-align: center;\">Pesma \u201eInkluzija nije iluzija\u201c nastala je na kampu udru\u017eenja Multiart i Voza\u010da velikog srca na Div\u010dibarama 2020. godine. Autor teksta i muzike: Branimir Rosi\u0107 Aran\u017eman: Branimir Rosi\u0107 i Robert Tel\u010der (Partibrejkers)<\/p>\n<blockquote>\n<p><img loading=\"lazy\" decoding=\"async\" class=\"aligncenter size-full wp-image-396\" src=\"https:\/\/multiartvrbas.in.rs\/wp-content\/uploads\/2019\/12\/intro-1.gif\" alt=\"\" width=\"600\" height=\"313\" \/><\/p>\n<\/blockquote>\n\n\n\n\n\n\n\n\n<p><img loading=\"lazy\" decoding=\"async\" class=\"aligncenter size-full wp-image-410\" src=\"https:\/\/multiartvrbas.in.rs\/wp-content\/uploads\/2019\/12\/2523-1.png\" alt=\"\" width=\"843\" height=\"504\" srcset=\"https:\/\/multiartvrbas.in.rs\/wp-content\/uploads\/2019\/12\/2523-1.png 843w, https:\/\/multiartvrbas.in.rs\/wp-content\/uploads\/2019\/12\/2523-1-300x179.png 300w, https:\/\/multiartvrbas.in.rs\/wp-content\/uploads\/2019\/12\/2523-1-768x459.png 768w\" sizes=\"auto, (max-width: 843px) 100vw, 843px\" \/><\/p>\n","protected":false},"excerpt":{"rendered":"<p>\u00a0 Pesma \u201eInkluzija nije iluzija\u201c nastala je na kampu udru\u017eenja Multiart i Voza\u010da velikog srca na Div\u010dibarama 2020. godine. Autor teksta i muzike: Branimir Rosi\u0107 Aran\u017eman: Branimir Rosi\u0107 i Robert Tel\u010der (Partibrejkers)<\/p>\n","protected":false},"author":2,"featured_media":0,"parent":0,"menu_order":0,"comment_status":"closed","ping_status":"open","template":"","meta":{"footnotes":""},"class_list":["post-12","page","type-page","status-publish","hentry"],"_links":{"self":[{"href":"https:\/\/multiartvrbas.in.rs\/index.php?rest_route=\/wp\/v2\/pages\/12","targetHints":{"allow":["GET"]}}],"collection":[{"href":"https:\/\/multiartvrbas.in.rs\/index.php?rest_route=\/wp\/v2\/pages"}],"about":[{"href":"https:\/\/multiartvrbas.in.rs\/index.php?rest_route=\/wp\/v2\/types\/page"}],"author":[{"embeddable":true,"href":"https:\/\/multiartvrbas.in.rs\/index.php?rest_route=\/wp\/v2\/users\/2"}],"replies":[{"embeddable":true,"href":"https:\/\/multiartvrbas.in.rs\/index.php?rest_route=%2Fwp%2Fv2%2Fcomments&post=12"}],"version-history":[{"count":15,"href":"https:\/\/multiartvrbas.in.rs\/index.php?rest_route=\/wp\/v2\/pages\/12\/revisions"}],"predecessor-version":[{"id":444,"href":"https:\/\/multiartvrbas.in.rs\/index.php?rest_route=\/wp\/v2\/pages\/12\/revisions\/444"}],"wp:attachment":[{"href":"https:\/\/multiartvrbas.in.rs\/index.php?rest_route=%2Fwp%2Fv2%2Fmedia&parent=12"}],"curies":[{"name":"wp","href":"https:\/\/api.w.org\/{rel}","templated":true}]}}